4*c - r + 4*r = 186. What is the tens digit of 7/(14/c) + 2?
2
Let i = -13 + 22. Let r(f) = -9 - i + 3*f + 15 + f**3 + 6*f**2. What is the units digit of r(-5)?
7
Let l(q) = 3*q**2 - 5 + 0*q**2 - 2*q**2 + 5*q. What is the units digit of l(-8)?
9
Suppose x + 2 = -0, 2*h = -2*x + 58. What is the units digit of h?
1
Let g be (2 - 3)/(4/(-8)). Let w(h) = h**2 + 2*h**2 + 1 - g*h**2 + 4 + 5*h. What is the units digit of w(-4)?
1
Suppose 57 = 2*d + 13. Suppose 0 = -4*t + 2*t - d. Let r = t - -22. What is the tens digit of r?
1
Let y = 32 - 17. What is the tens digit of y?
1
Let p be (-2)/(-5)*40/4. Let x be (-1 - 0)*1 + p. Suppose -3*d = -3*k - 3, x*k - 23 = -2*d - 6. What is the units digit of d?
4
Let t(u) = u**3 + 9*u**2 + 2*u - 2. Let a(c) = c**3 + 8*c**2 + 2*c - 2. Let y(k) = -5*a(k) + 4*t(k). What is the tens digit of y(-5)?
3
Let g(p) be the second derivative of 0*p**2 + 4*p - 1/3*p**3 + 0. What is the units digit of g(-2)?
4
Let r be (-1)/7 + (-1134)/(-49). Suppose -f + r = -3*s, -3*f + 69 + 35 = -2*s. What is the units digit of f?
8
Let q be (-21 + -3 + 6)*-1. Suppose 0 = -2*y + q. What is the units digit of y?
9
Suppose 4*d = 3 + 9. Let x(q) = -q**3 + 2*q**2 - 4*q + 2. Let l be x(2). What is the units digit of -1*1 - l/d?
1
What is the tens digit of 16/(-8) - -45*1?
4
Let s(t) = -6*t**3 + 0*t**2 - 1 - 2*t**3 + 2*t**2 + t**3. What is the units digit of s(-1)?
8
Let y be 0/2 + (-2 - -22). Suppose -5*c = -20 - y. Suppose 0*h = h - c. What is the units digit of h?
8
Let v(p) = p**3 - 8*p**2 - 14*p - 11. What is the tens digit of v(10)?
4
Let u(b) = 3*b - 1. Let d be u(-3). Let k = 14 + d. Suppose 0 = v - k*v + 6. What is the units digit of v?
2
Let s be (0 - -4)/(1*2). Suppose 3*d - 5*q = 57, 38 = 2*d - 2*q - s*q. What is the tens digit of d?
1
Suppose 0 = 4*y + 8, 0 = w - 0*w + 3*y - 1. Suppose -4*i = -2*x, -w*i + 4*i - 9 = -3*x. What is the units digit of x?
6
Let s(v) = 6*v**2 + v + 1. Let a be s(-1). Suppose a*u - 36 = 3*u. Suppose 0 = 2*w + w - u. What is the units digit of w?
4
Let v be -4 - 1/(-3)*0. What is the units digit of 1/(-1) - (v + -3)?
6
Let x(j) = -j**3 + 5*j**2 - 3*j. Let f be x(4). Suppose 3*a - f = -a. What is the units digit of a?
1
Suppose 3*k = 3*w + 96, 2*k = -2*k - 5*w + 119. What is the tens digit of k?
3
Suppose v + v = -18. Let m(o) = -o**3 - 10*o**2 - 8*o + 13. What is the units digit of m(v)?
4
Let w = -6 + 10. Let l(a) = -a**3 + 5*a**2 - 3*a - 2. Let t be l(w). Suppose 0 = t*f + 3*f - 60. What is the tens digit of f?
1
Let x = -10 + 66. What is the tens digit of x?
5
Let c = 39 + 37. What is the tens digit of c?
7
Let a = 34 + -21. What is the units digit of a?
3
Let r = 23 - 19. What is the units digit of r + 5 + 1 + -3?
7
Let f = 588 - 419. What is the hundreds digit of f?
1
Let l(m) = 252*m - 2. What is the tens digit of l(1)?
5
Let t(z) be the first derivative of -z**5/60 - z**4/12 + 4*z**3/3 + 1. Let l(x) be the third derivative of t(x). What is the units digit of l(-5)?
8
Let m(r) = 5*r**3 - r**2. Let y be m(1). Suppose 0 = 3*u + y*h - 128, -3*h - 9 = -u + 12. What is the units digit of u?
6
Let y be 2 + 24/(-9)*3. What is the tens digit of 4/y + 455/21?
2
Let t = -27 - 8. Let n be (130/(-25))/((-3)/30). Let z = t + n. What is the tens digit of z?
1
Suppose 6 = q + j, -2*q + 2*j + 3 = -21. What is the units digit of q?
9
Let f = 119 - 74. What is the units digit of f?
5
Let m be 36/21 + (-6)/(-21). Suppose k + 4*c = 35, 3*k - 207 = -m*k - 4*c. What is the units digit of k?
3
Suppose 0 = -b + 5*b. Suppose 36 = -b*x + 2*x + 2*r, 74 = 4*x + 5*r. What is the units digit of x?
6
Let m(l) = -l**2 - 3 - 2*l**2 + 4*l**2 - 5*l - 5. What is the units digit of m(8)?
6
Let u be 12 + -2 + 6/3. Let a = u + -4. Suppose a = 3*q + q. What is the units digit of q?
2
Let l(t) = t + 8. Let d be l(-6). Suppose 0 = -4*n + 5*x + 41, -d*n + 6 = 3*x + 13. Suppose n*u - 5 = -u. What is the units digit of u?
1
Suppose 0 = -5*a - 20, 0 = -h + 3*a - 2*a + 10. Let o = h + 23. Suppose -p - p - 16 = -c, -p - o = -4*c. What is the units digit of c?
6
Let p be 3*(-1 + 4/3). Let x = -1 + p. Suppose -3*v + 2*v + 5 = x. What is the units digit of v?
5
Let s be (330/(-40))/((-2)/(-72)). What is the units digit of s/(-45) - 4/(-10)?
7
Let m(n) be the second derivative of -n**5/20 - n**4/2 - n**3/3 + 3*n**2/2 - 5*n. What is the units digit of m(-6)?
5
Let h = -4 - 0. Let u be (-2)/(-4) + (-10)/h. What is the tens digit of (12/3 - -1)*u?
1
Suppose 0 = 3*w - 5*j - 56, -3*j = -0*j + 12. What is the tens digit of w?
1
Let k = -2 + 6. Suppose 0 = 3*t + 4*q - 22, -q = k*t - 0*q - 25. What is the units digit of t?
6
Suppose q + 3*q = 76. Suppose -3 - q = -2*b. What is the tens digit of b?
1
Let m(l) = -l**2 + 22*l + 59. What is the tens digit of m(21)?
8
Let n be 0 + 2/((-8)/(-108)). Suppose -187 = -5*j - k + n, 0 = -k - 1. What is the units digit of j?
3
Suppose 8*j = 3*j. Suppose 0*y - y + 20 = j. What is the units digit of y?
0
Suppose 4*j + j = 1985. What is the tens digit of j?
9
Suppose 2*o + 4 + 10 = 4*z, 2*o - 3*z = -11. What is the units digit of (-7 - (-3)/(-3))/o?
8
Let w = 6 - 5. Let f be (w/(-3))/((-2)/84). Let s = -5 + f. What is the units digit of s?
9
Let q(g) = 0 + 2*g**2 - g**3 - 5*g**2 + 2. Let f be q(-3). Suppose f*s + w = 9, 0 = -2*s + 6*s - w - 9. What is the units digit of s?
3
Suppose p = 4*c + 2*p - 5, 0 = -5*c + p - 5. Let k = -20 - c. Let g = -11 - k. What is the units digit of g?
9
What is the tens digit of 5 + -1 + 17 + 13?
3
Let d(i) = i**2 - 5*i - 6. Let h be d(6). Suppose h = 2*s + 3*s - 105. What is the units digit of s?
1
Suppose 2*t + t - 3*b - 57 = 0, -4*b = 0. What is the tens digit of t?
1
Suppose 11 = 4*x - 5. Suppose x*h = 8*h - 32. What is the units digit of h?
8
Let y = 1 - 4. What is the units digit of 3 + ((-3)/y)/1?
4
What is the units digit of ((-3)/4)/(6/(-288))?
6
Let o = -16 + 32. Suppose 0 = -3*x - o + 55. Let r = x - 8. What is the units digit of r?
5
Suppose -5*p + 95 = 5*q, -5*q - 3*p = -105 + 10. Suppose -4*c + 4*k - 40 = 0, -2*c + 0*c - 3*k = 30. Let a = c + q. What is the units digit of a?
7
Let y be (1 - -1)/((-4)/(-170)). Let n = -50 + y. Suppose -5*q + n = 3*p, -4*q - p = -43 + 15. What is the units digit of q?
7
Let g(l) = 4*l - 8. What is the units digit of g(8)?
4
Suppose 0 = -3*n + 205 + 32. What is the tens digit of n?
7
Let j be (-9)/(-12) + (-740)/(-16). What is the units digit of (-3)/(-6)*(-1 + j)?
3
Suppose 5*i = b + 120, -2*i = 2*i - b - 95. Suppose -3*o = 3*f - 4*o - i, -o = 1. Let l(r) = -r**2 + 9*r - 3. What is the units digit of l(f)?
5
Suppose -132 = -2*i + z, -3*z + 2*z = 0. What is the tens digit of i?
6
Let r = -38 + 59. What is the units digit of r?
1
Suppose 3*o + 4*t = -2*o + 183, -5*t - 95 = -3*o. What is the units digit of o?
5
Let i(n) = 12*n**3 + 3*n**2 + 11*n - 3. Let w(h) = 4*h**3 + h**2 + 4*h - 1. Let d(p) = 3*i(p) - 8*w(p). What is the units digit of d(1)?
5
Let r be 3 - -1*(26 - 3). Let n = r - 13. What is the tens digit of n?
1
Let s(p) = p**3 + 5*p**2 + 2*p - 4. Let v be s(-4). Suppose -v*y + 7 + 5 = 0. What is the units digit of y?
3
Let m = 8 - 6. What is the tens digit of 66/4 - m/(-4)?
1
Let b = -121 - -361. What is the tens digit of b?
4
Let v(p) = -p**3 - 12*p**2 + 11*p + 11. What is the tens digit of v(-13)?
3
Let z(f) = 24*f**2 - 1. Let q be z(-1). Suppose 4*d - 3*w + 7*w - 4 = 0, 0 = 5*d - w - q. Suppose 3*o + d = 7*o. What is the units digit of o?
1
Let c(f) be the first derivative of f**4/4 + 7*f**3/3 + 7*f**2/2 + 11*f - 1. Let w(l) = -1. Let x(r) = c(r) + 2*w(r). What is the units digit of x(-6)?
3
Let f(x) = x**3 + 4 + 0*x**3 + 5 + 6*x + 7*x**2. Let u be 3 - 9/(-2)*(0 + -2). What is the units digit of f(u)?
9
Suppose -3*v = -2*m - 2, 3*v = -m + 4*m + 6. Let x = 0 - v. Let t = 3 - x. What is the units digit of t?
1
Let c(i) = i**3 + 6*i**2 - 9*i - 6. What is the units digit of c(-7)?
8
Suppose -t = -0*t - 108. Suppose -t + 33 = -3*p. Suppose p = 2*l - 3*n, l + 3*n + 47 = 5*l. What is the units digit of l?
1
Let r = 1 - -4. Suppose -3*l - 2*l = -a - 549, 0 = r*l + 4*a - 554. What is the units digit of (-3)/(-12) - l/(-8)?
4
Suppose -4*f - s + 228 = 0, 0*f + 2*s + 104 = 2*f. What is the units digit of f?
6
Suppose -a = -4*u + 13, -3*u + 5 = -7. Let